
1528
What is the remainder when 300818 is divided by 3088?
1282
Calculate the remainder when 2093553 is divided by 2769.
189
What is the remainder when 413511 is divided by 5101?
330
Calculate the remainder when 215689807 is divided by 4513.
4511
Calculate the remainder when 282822 is divided by 23566.
30
Calculate the remainder when 8455699 is divided by 21.
7
Calculate the remainder when 1369714 is divided by 469.
234
What is the remainder when 10618931 is divided by 241?
230
Calculate the remainder when 2809859 is divided by 351230.
19
Calculate the remainder when 14616708 is divided by 406019.
24
What is the remainder when 5444279 is divided by 120?
119
Calculate the remainder when 50809 is divided by 458.
429
Calculate the remainder when 765341 is divided by 3543.
53
Calculate the remainder when 7295 is divided by 54.
5
Calculate the remainder when 7205449 is divided by 222.
217
What is the remainder when 15339583 is divided by 12815?
28
Calculate the remainder when 57509356 is divided by 54.
4
Calculate the remainder when 1002259 is divided by 55677.
73
Calculate the remainder when 54386171 is divided by 8171.
8166
What is the remainder when 63406689 is divided by 6220?
9
What is the remainder when 85061 is divided by 188?
85
Calculate the remainder when 36215 is divided by 1286.
207
Calculate the remainder when 1383796 is divided by 146.
8
Calculate the remainder when 91545917 is divided by 9038.
15
What is the remainder when 84347588 is divided by 1205?
1203
What is the remainder when 12997937 is divided by 3?
2
What is the remainder when 69261 is divided by 13680?
861
What is the remainder when 183750 is divided by 5250?
0
Calculate the remainder when 5702471 is divided by 163.
79
What is the remainder when 3733406 is divided by 675?
656
Calculate the remainder when 188147 is divided by 7833.
155
Calculate the remainder when 16247886 is divided by 6520.
46
What is the remainder when 19257370 is divided by 61?
36
What is the remainder when 6599581 is divided by 12915?
16
Calculate the remainder when 713629 is divided by 15501.
583
Calculate the remainder when 436654 is divided by 109162.
6
What is the remainder when 1872614 is divided by 7?
2
What is the remainder when 5850251 is divided by 5?
1
What is the remainder when 6395582 is divided by 167?
150
What is the remainder when 1450617 is divided by 161168?
105
What is the remainder when 278418 is divided by 301?
294
Calculate the remainder when 31827961 is divided by 38.
35
Calculate the remainder when 3927257 is divided by 15709.
7
What is the remainder when 3527931 is divided by 1045?
11
What is the remainder when 275271 is divided by 6395?
286
What is the remainder when 5744829 is divided by 826?
825
Calculate the remainder when 498355 is divided by 399.
4
Calculate the remainder when 6357832 is divided by 3927.
19
Calculate the remainder when 1504929 is divided by 300969.
84
What is the remainder when 228009 is divided by 128?
41
What is the remainder when 5369830 is divided by 3568?
3558
Calculate the remainder when 412540 is divided by 17900.
840
What is the remainder when 8010763 is divided by 654?
571
Calculate the remainder when 22366263 is divided by 265.
263
What is the remainder when 2239751 is divided by 301?
10
What is the remainder when 139032 is divided by 56?
40
Calculate the remainder when 7256003 is divided by 171.
131
What is the remainder when 102979378 is divided by 59?
11
Calculate the remainder when 1176398 is divided by 588182.
34
What is the remainder when 14563283 is divided by 277?
8
Calculate the remainder when 709160 is divided by 29.
23
What is the remainder when 27512 is divided by 144?
8
What is the remainder when 59305 is divided by 26056?
7193
Calculate the remainder when 136687 is divided by 136529.
158
Calculate the remainder when 2417427 is divided by 686.
649
What is the remainder when 31845 is divided by 7861?
401
Calculate the remainder when 129424925 is divided by 530430.
5
What is the remainder when 18307243 is divided by 295278?
7
What is the remainder when 9672374 is divided by 7186?
18
Calculate the remainder when 71610778 is divided by 128.
26
What is the remainder when 48481 is divided by 4460?
3881
Calculate the remainder when 439824 is divided by 7210.
14
What is the remainder when 1656796 is divided by 276119?
82
Calculate the remainder when 4643594 is divided by 773929.
20
Calculate the remainder when 263127 is divided by 263109.
18
What is the remainder when 16134892 is divided by 2689146?
16
Calculate the remainder when 37616662 is divided by 163.
11
What is the remainder when 2728057 is divided by 2727832?
225
What is the remainder when 1754820 is divided by 449?
128
What is the remainder when 1043788 is divided by 29818?
158
What is the remainder when 202723 is divided by 12?
7
What is the remainder when 771805 is divided by 85389?
3304
What is the remainder when 74926995 is divided by 74926986?
9
What is the remainder when 201062 is divided by 979?
367
Calculate the remainder when 99953 is divided by 202.
165
Calculate the remainder when 98507 is divided by 5184.
11
Calculate the remainder when 265974 is divided by 287.
212
What is the remainder when 69428790 is divided by 399?
396
Calculate the remainder when 1319738 is divided by 42572.
6
What is the remainder when 538583 is divided by 323?
142
Calculate the remainder when 16915694 is divided by 123472.
30
Calculate the remainder when 2829839 is divided by 135.
104
What is the remainder when 2175567 is divided by 1531?
16
Calculate the remainder when 2514180 is divided by 95.
5
Calculate the remainder when 159299 is divided by 3391.
3313
Calculate the remainder when 10412449 is divided by 3.
1
Calculate the remainder when 8974495 is divided by 311.
279
What is the remainder when 16144074 is divided by 120?
114
What is the remainder when 10698370 is divided by 15?
10
What is the remainder when 5340 is divided by 5027?
313
What is the remainder when 160125 is divided by 684?
69
What is the remainder when 2092846 is divided by 86?
36
Calculate the remainder when 66096 is divided by 3473.
109
What is the remainder when 529407740 is divided by 8832?
8828
What is the remainder when 969903 is divided by 471?
114
Calculate the remainder when 328378 is divided by 1379.
176
What is the remainder when 230343 is divided by 740?
203
What is the remainder when 38074010 is divided by 1582?
16
Calculate the remainder when 1781650506 is divided by 3007.
3006
Calculate the remainder when 3367613389 is divided by 41.
38
What is the remainder when 54521 is divided by 10590?
1571
Calculate the remainder when 3074 is divided by 1328.
418
Calculate the remainder when 2164531 is divided by 18.
13
What is the remainder when 4329399 is divided by 6?
3
What is the remainder when 1193966 is divided by 596962?
42
Calculate the remainder when 680663 is divided by 34.
17
Calculate the remainder when 7871208 is divided by 365.
348
Calculate the remainder when 833917 is divided by 100.
17
Calculate the remainder when 18474894 is divided by 18474879.
15
Calculate the remainder when 6445889 is divided by 11.
10
What is the remainder when 3600964 is divided by 3410?
4
What is the remainder when 15066216 is divided by 7100?
16
Calculate the remainder when 168066 is divided by 7708.
6198
What is the remainder when 494301 is divided by 2367?
1965
Calculate the remainder when 220241 is divided by 110091.
59
What is the remainder when 388494757 is divided by 20?
17
What is the remainder when 183940 is divided by 79?
28
What is the remainder when 1302204 is divided by 1594?
1500
Calculate the remainder when 14247 is divided by 3565.
3552
Calculate the remainder when 9907049 is divided by 1887.
299
What is the remainder when 42339592 is divided by 38?
30
What is the remainder when 1269661 is divided by 4152?
3301
Calculate the remainder when 15439 is divided by 7665.
109
What is the remainder when 99601 is divided by 24711?
757
What is the remainder when 24777 is divided by 138?
75
Calculate the remainder when 50588311 is divided by 1176472.
15
What is the remainder when 19210982 is divided by 126388?
6
Calculate the remainder when 2566447 is divided by 51.
25
Calculate the remainder when 765255 is divided by 18